 65 = -5*i. Let c = -9 + j. Suppose c*b - 3*k = 28, 3*b - 5*k - 34 = -13. What is the units digit of b?
7
Let j = -310 - -594. What is the hundreds digit of j?
2
Let i = -6 - -8. Suppose -i*z = 3*z - 5. What is the units digit of z?
1
Let c(n) = -n**3 + 6*n**2 + n - 3. Let h be c(5). Suppose -4 = -5*d - 2*i + h, 2*i - 11 = -d. What is the units digit of d?
5
Let k(h) = 8*h + 14. What is the units digit of k(5)?
4
Let c(v) be the first derivative of -v**2/2 - 2*v + 8. Let p(u) = -u**3 - 4*u**2 + 6*u - 4. Let a be p(-5). What is the units digit of c(a)?
7
Let p(x) be the third derivative of -x**4/12 - x**3/2 + 5*x**2. Let g(j) = -4*j**2 + 2*j - 1. Let y be g(1). What is the units digit of p(y)?
3
Suppose -20 = -3*q - q. Suppose -q*k - 8 = -9*k. What is the units digit of k?
2
Suppose j - 5 = -4*j. Suppose 2*v + 4*z = -1 - j, -2*v - 2*z + 4 = 0. What is the units digit of v?
5
Suppose -o + 3 = -2*o + 5*r, -4*o - 5*r + 13 = 0. Suppose 4*h - 21 = j, -3 = 2*j - 1. Suppose -3*s + 35 = x, o*s + h = -x + 6*x. What is the units digit of s?
0
Let j = -16 + 25. Let h = -18 + j. What is the units digit of (-2*1)/(2/h)?
9
Let u(y) = -21*y - 7*y + 6 - 5 + 7*y. What is the tens digit of u(-1)?
2
Let i be (4/10)/((-2)/(-60)). Let v = i + -7. Let d = 10 - v. What is the units digit of d?
5
Suppose -p + 39 = 2*p. Suppose 3*a = 2*o - p, 2*o + 2*a = -2*o + 2. Suppose -x - 4*j = -3*j - 11, o*x - 18 = 2*j. What is the units digit of x?
0
Let d(r) = -r**3 + 4*r**2 - 4*r + 1. Let g be d(3). What is the units digit of 49 - 0*g/(-4)?
9
Suppose 5*i - 45 = 6*p - p, -5*p + i - 45 = 0. Let y = p - -13. What is the units digit of y?
4
Suppose 0 = h + 11 - 36. What is the units digit of h?
5
Let c(n) be the third derivative of 1/3*n**3 + 1/24*n**4 + 0 + 0*n + 2*n**2. What is the units digit of c(3)?
5
Let k(p) = 1 - 4*p - 8*p**3 + 0*p + 2*p - p**2 + 11*p**3. What is the units digit of k(2)?
7
Let d(r) = -r**3 + 6*r**2 - 6*r + 9. Let j be d(5). What is the units digit of (-832)/(-28) - j/(-14)?
0
What is the units digit of (-2)/((-6)/(-27) + (-16)/45)?
5
Let a(h) be the second derivative of h**5/20 + 2*h**4/3 + 2*h**3/3 + h**2 + 5*h. What is the units digit of a(-7)?
3
Let v = 9 - 9. Suppose l - 16 + v = 0. What is the tens digit of l?
1
Suppose -4*y + 45 = -5*k, -3*k - 50 = 2*k - 5*y. Let c = k + 11. What is the units digit of c?
6
Suppose 85 + 50 = -5*o. Let i(q) = q**2 + 6*q - 1. Let t be i(-5). What is the units digit of (o/t)/(2/4)?
9
Suppose -4*j + 4 = -i, 15 = -2*i - 3*j - 4. Let s be -8 - (3/(-1) + 1). What is the units digit of (3/2)/(s/i)?
2
Let o(k) = -5 + 0*k + k + k + k - 3*k**2 + k**3. What is the units digit of o(4)?
3
Let z = 3 + -1. Suppose 5*d - 12 + 1 = -4*h, z*h - 43 = 5*d. What is the units digit of h?
9
Suppose -2*d + 2*n = -4, 0*n = -2*d - n + 10. What is the units digit of d?
4
Suppose 3*p + 2*p - 385 = 0. What is the units digit of p?
7
Suppose -23 = 5*o - 3. What is the units digit of (-10)/o + 8/16?
3
Let m = 0 - 1. Let l = 4 + m. What is the units digit of l?
3
Let u = 0 - -3. Let c be u/6 - 38/(-4). Suppose 2*k + n + 2 - 12 = 0, c = 4*k - 3*n. What is the units digit of k?
4
Let r(b) = -7*b**2 - 3*b + 2. Let x(k) = -8*k**2 - 2*k + 3. Let p(u) = 7*r(u) - 6*x(u). What is the units digit of p(-4)?
6
Let d(t) = -t + 1. Let a be d(-6). Suppose -2*m = -3*q + a - 28, -m + 2*q = -9. What is the units digit of m?
5
Suppose -4*p + 29 = -0*v - v, -v - 30 = -5*p. Let l = -5 - v. What is the tens digit of l?
2
Suppose 5*s + 24 = 124. What is the units digit of s?
0
Suppose 2*u - 9 = 11. Let h be (u/4)/((-3)/(-6)). Suppose h*c - 22 = -l, -3*c + 0*l = -l - 18. What is the units digit of c?
5
Let m be ((-3)/(-6))/((-2)/(-16)). Suppose -2*x + 26 = -2*c, -38 - 5 = -m*x + c. What is the tens digit of x?
1
Let c be -1 - (2 - (-6)/(-1)). Let a be 204/(-2 + 0) + 0. What is the units digit of a/(-15) - c/(-15)?
7
Let a be 4/(-10) + 47/5. Let b = a - 6. Suppose -t - 5*i = -21, -62 = -7*t + b*t + 2*i. What is the tens digit of t?
1
Suppose 8*w - 4 = 7*w. What is the units digit of w?
4
Let k(w) be the third derivative of -w**6/120 - w**5/12 + w**4/8 - 7*w**3/6 - w**2. Let m = -13 + 7. What is the units digit of k(m)?
1
Let j = -24 - -45. What is the tens digit of j?
2
Let n = 98 + -28. What is the tens digit of n?
7
What is the tens digit of 0/(2 - 4/1) + 71?
7
Let l(z) = -z - 4. Let s be l(-5). What is the units digit of 30/(-2 - s - -4)?
0
Let n(l) = l + 6. Let v be n(-3). Let c = v + 2. What is the units digit of c?
5
Let j be ((-6)/4)/(3/8). Let h be 1/(j/(-26))*-2. Let n = 20 + h. What is the units digit of n?
7
Suppose a + 4*s = 23, -3*a - 2*s = -0*a - 109. What is the units digit of a?
9
Let j be 1/(-1) + (1 - 3). What is the units digit of 76/12 + j/9?
6
Let n(z) = -z**3 - 3*z**2 + 2*z - 3. Let o be n(-4). Suppose 54 = a + 3*u - 0, 0 = 5*u - o. What is the units digit of a?
1
Suppose 0 = -2*u + 5*u - 141. Suppose -62 = -3*p + 4*n, 2*p = 3*n - 6*n + u. What is the tens digit of p?
2
Let j(m) = -m + 5. Suppose 0 = 5*x - 31 + 6. Let c be 2/(-5) - (-2)/x. What is the units digit of j(c)?
5
Let u(z) = -z**3 + 7*z**2 - 5*z + 10. Let j(l) = -l**3 - 4*l**2 + 5*l + 7. Let d be j(-5). Let k be u(d). Let b = k + 35. What is the tens digit of b?
1
Let w = -229 - -598. What is the units digit of w?
9
Suppose -4*h = -5*q + 17, 27 = 5*q + 3*h - 2*h. Suppose 0 = 5*z - 10 - q. Suppose z*d = 6, 4*d = 2*g + d. What is the units digit of g?
3
Let b(h) = h**3 + 2*h**2 - h. Let z be b(-2). Suppose z*o - 8 = q - 3*q, -3*q = 2*o - 6. What is the units digit of (-2 + 3)/(2/o)?
3
Suppose -4*t + 3*k - 11 = -3, 2*k - 5 = 3*t. Suppose -2*h + 3*s = -0*h + t, -11 = -3*h + 2*s. What is the units digit of h?
7
Suppose 0*g + 38 = 2*g + 2*b, -4*g + 88 = -2*b. Let r = -1 + g. What is the units digit of r?
0
Suppose 2*w - g = 40 + 523, -5*w + 2*g = -1408. What is the units digit of w?
2
Let c(k) = k**3 - 2*k**2 + 4*k - 4. What is the units digit of c(3)?
7
What is the units digit of (130/(-4))/((-1)/2)?
5
Let c be 0 + (-6 - -3 - -6). Let s = c + 0. What is the units digit of s?
3
Let u(y) be the first derivative of y**3/3 + 3*y**2/2 + 4*y - 2. What is the units digit of u(-3)?
4
Suppose 11*a = 9*a + 6. Suppose b + a*y = 0, 0 = -4*y - 18 + 2. What is the units digit of b?
2
Suppose 0 = -5*x + 25, -3*m + 6*x - 3 = 3*x. What is the units digit of 4/m*(0 - -17)?
7
Let g(d) = -4*d**2 - 4*d**2 + 5*d**2 + 1 + 6*d**2. What is the units digit of g(2)?
3
Let h be 5/(-2)*98/(-35). Let m(x) = 2*x - 9. What is the units digit of m(h)?
5
Let o(r) = -2*r + 18. Let p be o(7). Suppose -g = -p - 14. What is the tens digit of g?
1
Let t be 3/(-6)*(1 - 11). Let j = -2 + t. Let o = j - 2. What is the units digit of o?
1
Let a be (-42)/(-8) - (-18)/24. Let o = -4 + a. What is the units digit of o?
2
Let k = 12 - 7. Let o = 8 - k. Suppose -4*j = 3*u - 13, j = -o*u + 2*j + 38. What is the tens digit of u?
1
Let o = -104 - -69. Let i = o - -49. What is the tens digit of i?
1
What is the units digit of 32 - (6 - 4/1)?
0
Let x be (4 + 0)*(-33)/(-4). Let k be 20/11 + 6/x. Suppose k*a = 13 - 3. What is the units digit of a?
5
Let p = 37 - -1. What is the units digit of p?
8
Let f(i) = -i**3 + 3*i**2 + 4*i + 4. Let t(r) = -1 - r - 1 + 0. Let w be t(-6). What is the units digit of f(w)?
4
Let t = 1 - 1. Suppose 28 = 4*g - t*g. Suppose -5*y = 2*o - 7 - g, -5*y = 3*o - 16. What is the units digit of y?
2
Suppose 21*o = 27*o - 1374. What is the units digit of o?
9
Suppose -z - 5 = -3. Let t = z - -4. What is the units digit of t?
2
Let j be (-2)/(-2 + (-15)/(-6)). Let u be j/(-10) - 23/(-5). Suppose -u*y + 38 = 8. What is the units digit of y?
6
Let h = 15 - 6. What is the tens digit of 19/2 - h/(-6)?
1
Let b be 2 + 5/((-10)/12). Suppose 3*c + 8 + 1 = 4*o, 0 = o + 2*c - 16. What is the units digit of (b/o)/((-4)/6)?
1
Let x be (4/5)/((-2)/(-5)). Suppose 4*n - 3*z - 20 = x*z, n - 4*z - 5 = 0. What is the units digit of n?
5
Let i(c) = c**3 + 10*c**2 - 3*c + 3. What is the tens digit of i(-10)?
3
Let l(n) = -n**3 - 4*n**2 + 2. Let x be l(-4). Suppose -8 = x*i - 10. What is the units digit of i?
1
Suppose -4209 - 224 = -11*v. What is the units digit of v?
3
Let h(b) = b**2 + 3*b - 7. Suppose 4*a - 2 = 3*m, 2*m - 4*a - 4 = -0*m. What